{"id":25,"date":"2020-02-13T13:17:50","date_gmt":"2020-02-13T13:17:50","guid":{"rendered":"https:\/\/gpsites.co\/vinyasa\/?page_id=25"},"modified":"2021-09-22T08:33:27","modified_gmt":"2021-09-22T08:33:27","slug":"home","status":"publish","type":"page","link":"https:\/\/avellanuss.com\/","title":{"rendered":"Home"},"content":{"rendered":"\n<div class=\"wp-block-cover has-background-dim-30 has-white-background-color has-background-dim\" style=\"min-height:854px;aspect-ratio:unset;\"><img loading=\"lazy\" decoding=\"async\" width=\"2560\" height=\"1315\" class=\"wp-block-cover__image-background wp-image-5152\" alt=\"\" src=\"https:\/\/avellanuss.com\/wp-content\/uploads\/2021\/06\/IMG_1107_NOmosca_blanc-1-scaled.jpg\" data-object-fit=\"cover\" srcset=\"https:\/\/avellanuss.com\/wp-content\/uploads\/2021\/06\/IMG_1107_NOmosca_blanc-1-scaled.jpg 2560w, https:\/\/avellanuss.com\/wp-content\/uploads\/2021\/06\/IMG_1107_NOmosca_blanc-1-300x154.jpg 300w, https:\/\/avellanuss.com\/wp-content\/uploads\/2021\/06\/IMG_1107_NOmosca_blanc-1-1024x526.jpg 1024w, https:\/\/avellanuss.com\/wp-content\/uploads\/2021\/06\/IMG_1107_NOmosca_blanc-1-768x394.jpg 768w, https:\/\/avellanuss.com\/wp-content\/uploads\/2021\/06\/IMG_1107_NOmosca_blanc-1-1536x789.jpg 1536w, https:\/\/avellanuss.com\/wp-content\/uploads\/2021\/06\/IMG_1107_NOmosca_blanc-1-2048x1052.jpg 2048w\" sizes=\"auto, (max-width: 2560px) 100vw, 2560px\" \/><div class=\"wp-block-cover__inner-container is-layout-flow wp-block-cover-is-layout-flow\">\n<p class=\"gb-headline gb-headline-9fa8a5ba gb-headline-text\"><img loading=\"lazy\" decoding=\"async\" width=\"200\" height=\"200\" class=\"wp-image-5222\" style=\"width: 200px;\" src=\"https:\/\/avellanuss.com\/wp-content\/uploads\/2021\/06\/blancRecurso-18Logo_Avellanuss_.png\" alt=\"\" srcset=\"https:\/\/avellanuss.com\/wp-content\/uploads\/2021\/06\/blancRecurso-18Logo_Avellanuss_.png 398w, https:\/\/avellanuss.com\/wp-content\/uploads\/2021\/06\/blancRecurso-18Logo_Avellanuss_-300x300.png 300w, https:\/\/avellanuss.com\/wp-content\/uploads\/2021\/06\/blancRecurso-18Logo_Avellanuss_-150x150.png 150w\" sizes=\"auto, (max-width: 200px) 100vw, 200px\" \/><\/p>\n\n\n\n<p class=\"gb-headline gb-headline-8a24ee28 gb-headline-text\"><strong>qualitat mediterr\u00e0nia<\/strong><\/p>\n\n\n\n<h1 class=\"gb-headline gb-headline-55a1f61f gb-headline-text\">avellanuss<\/h1>\n<\/div><\/div>\n\n\n\n<p class=\"gb-headline gb-headline-950cb96e\"><span class=\"gb-icon\"><svg aria-hidden=\"true\" role=\"img\" height=\"1em\" width=\"1em\" viewBox=\"0 0 512 512\" xmlns=\"http:\/\/www.w3.org\/2000\/svg\"><path fill=\"currentColor\" d=\"M328 256c0 39.8-32.2 72-72 72s-72-32.2-72-72 32.2-72 72-72 72 32.2 72 72zm104-72c-39.8 0-72 32.2-72 72s32.2 72 72 72 72-32.2 72-72-32.2-72-72-72zm-352 0c-39.8 0-72 32.2-72 72s32.2 72 72 72 72-32.2 72-72-32.2-72-72-72z\"><\/path><\/svg><\/span><span class=\"gb-headline-text\"><br><\/span><\/p>\n\n\n\n<div class=\"wp-block-cover alignfull has-background-dim\" style=\"background-color:#f8f4f1\"><div class=\"wp-block-cover__inner-container is-layout-flow wp-block-cover-is-layout-flow\">\n<p class=\"has-text-align-center has-text-color\" style=\"color:#634e42\"><strong>AVELLANUSS EMPRESA DE PRODUCCI\u00d3 I VENDA D\u00b4AVELLANES CREADA PER AGRICULTORS I PRODUCTORS D\u2019AVELLANES D\u2019ALTA QUALITAT DEL CAMP DE TARRAGONA<\/strong>.<\/p>\n\n\n\n<p class=\"has-text-align-center has-text-color\" style=\"color:#634e42\">A<strong> Avellanuss<\/strong> us garantim la proced\u00e8ncia de les nostres avellanes, totes estan produ\u00efdes a Catalunya, sota els est\u00e0ndards de la Uni\u00f3 Europea per a la qualitat per al consum.<\/p>\n\n\n\n<p class=\"has-text-align-center has-text-color\" style=\"color:#634e42\">Seguim els protocols de les Guies de Bones Practiques Agr\u00e0ries del Departament d&#8217;Acci\u00f3 Clim\u00e0tica, Alimentaci\u00f3 i Agenda Rural de la Generalitat de Catalunya.<\/p>\n\n\n\n<p class=\"has-text-align-center has-text-color\" style=\"color:#634e42\">Nosaltres que som productors tenim l\u00b4avellana com a referent de qualitat i identitat territorial.<\/p>\n<\/div><\/div>\n\n\n<div class=\"gb-container gb-container-1cb97204 alignfull\"><div class=\"gb-inside-container\">\n\n<figure class=\"wp-block-embed aligncenter is-type-video is-provider-youtube wp-block-embed-youtube wp-embed-aspect-16-9 wp-has-aspect-ratio\"><div class=\"wp-block-embed__wrapper\">\n<iframe loading=\"lazy\" title=\"Avellanuss_Generalitat Avellanes\" width=\"1200\" height=\"675\" src=\"https:\/\/www.youtube.com\/embed\/0kj808NgPeQ?feature=oembed\" frameborder=\"0\" allow=\"accelerometer; autoplay; clipboard-write; encrypted-media; gyroscope; picture-in-picture; web-share\" allowfullscreen><\/iframe>\n<\/div><\/figure>\n\n<\/div><\/div>\n\n\n<div style=\"height:100px\" aria-hidden=\"true\" class=\"wp-block-spacer\"><\/div>\n\n\n\n<div style=\"height:100px\" aria-hidden=\"true\" class=\"wp-block-spacer\"><\/div>\n\n\n<div class=\"gb-container gb-container-f6de4a21 alignfull\"><div class=\"gb-inside-container\">\n<div class=\"gb-grid-wrapper gb-grid-wrapper-34dc9de6\">\n<div class=\"gb-grid-column gb-grid-column-17e5bc16\"><div class=\"gb-container gb-container-17e5bc16\"><div class=\"gb-inside-container\">\n\n<h2 class=\"gb-headline gb-headline-de903773 gb-headline-text\"><strong>Presentaci\u00f3 Avellanuss<\/strong><\/h2>\n\n\n\n<div style=\"height:50px\" aria-hidden=\"true\" class=\"wp-block-spacer\"><\/div>\n\n<\/div><\/div><\/div>\n<\/div>\n\n\n<div class=\"wp-block-file\"><a href=\"https:\/\/avellanuss.com\/wp-content\/uploads\/2021\/09\/avellanus_CAT.pdf\"><strong><span class=\"has-inline-color has-white-color\">avellanuss_CAT<\/span><\/strong><\/a><a href=\"https:\/\/avellanuss.com\/wp-content\/uploads\/2021\/09\/avellanus_CAT.pdf\" class=\"wp-block-file__button\" download><img loading=\"lazy\" decoding=\"async\" width=\"15\" height=\"15\" class=\"wp-image-5350\" style=\"width: 15px;\" src=\"https:\/\/avellanuss.com\/wp-content\/uploads\/2021\/09\/free-icon-40400.png\" alt=\"\" srcset=\"https:\/\/avellanuss.com\/wp-content\/uploads\/2021\/09\/free-icon-40400.png 512w, https:\/\/avellanuss.com\/wp-content\/uploads\/2021\/09\/free-icon-40400-300x300.png 300w, https:\/\/avellanuss.com\/wp-content\/uploads\/2021\/09\/free-icon-40400-150x150.png 150w\" sizes=\"auto, (max-width: 15px) 100vw, 15px\" \/><\/a><\/div>\n\n\n\n<div class=\"wp-block-file\"><a href=\"https:\/\/avellanuss.com\/wp-content\/uploads\/2021\/09\/avellanus_DE.pdf\"><strong><span class=\"has-inline-color has-white-color\">avellanuss_DE<\/span><\/strong><\/a><a href=\"https:\/\/avellanuss.com\/wp-content\/uploads\/2021\/09\/avellanus_DE.pdf\" class=\"wp-block-file__button\" download><img loading=\"lazy\" decoding=\"async\" width=\"15\" height=\"15\" class=\"wp-image-5350\" style=\"width: 15px;\" src=\"https:\/\/avellanuss.com\/wp-content\/uploads\/2021\/09\/free-icon-40400.png\" alt=\"\" srcset=\"https:\/\/avellanuss.com\/wp-content\/uploads\/2021\/09\/free-icon-40400.png 512w, https:\/\/avellanuss.com\/wp-content\/uploads\/2021\/09\/free-icon-40400-300x300.png 300w, https:\/\/avellanuss.com\/wp-content\/uploads\/2021\/09\/free-icon-40400-150x150.png 150w\" sizes=\"auto, (max-width: 15px) 100vw, 15px\" \/><\/a><\/div>\n\n\n\n<div class=\"wp-block-file\"><a href=\"https:\/\/avellanuss.com\/wp-content\/uploads\/2021\/09\/avellanus_FR.pdf\"><strong><span class=\"has-inline-color has-white-color\">avellanuss_FR<\/span><\/strong><\/a><a href=\"https:\/\/avellanuss.com\/wp-content\/uploads\/2021\/09\/avellanus_FR.pdf\" class=\"wp-block-file__button\" download><img loading=\"lazy\" decoding=\"async\" width=\"15\" height=\"15\" class=\"wp-image-5350\" style=\"width: 15px;\" src=\"https:\/\/avellanuss.com\/wp-content\/uploads\/2021\/09\/free-icon-40400.png\" alt=\"\" srcset=\"https:\/\/avellanuss.com\/wp-content\/uploads\/2021\/09\/free-icon-40400.png 512w, https:\/\/avellanuss.com\/wp-content\/uploads\/2021\/09\/free-icon-40400-300x300.png 300w, https:\/\/avellanuss.com\/wp-content\/uploads\/2021\/09\/free-icon-40400-150x150.png 150w\" sizes=\"auto, (max-width: 15px) 100vw, 15px\" \/><\/a><\/div>\n\n<\/div><\/div>","protected":false},"excerpt":{"rendered":"","protected":false},"author":2,"featured_media":0,"parent":0,"menu_order":0,"comment_status":"closed","ping_status":"closed","template":"","meta":{"footnotes":""},"class_list":["post-25","page","type-page","status-publish"],"_links":{"self":[{"href":"https:\/\/avellanuss.com\/index.php?rest_route=\/wp\/v2\/pages\/25","targetHints":{"allow":["GET"]}}],"collection":[{"href":"https:\/\/avellanuss.com\/index.php?rest_route=\/wp\/v2\/pages"}],"about":[{"href":"https:\/\/avellanuss.com\/index.php?rest_route=\/wp\/v2\/types\/page"}],"author":[{"embeddable":true,"href":"https:\/\/avellanuss.com\/index.php?rest_route=\/wp\/v2\/users\/2"}],"replies":[{"embeddable":true,"href":"https:\/\/avellanuss.com\/index.php?rest_route=%2Fwp%2Fv2%2Fcomments&post=25"}],"version-history":[{"count":101,"href":"https:\/\/avellanuss.com\/index.php?rest_route=\/wp\/v2\/pages\/25\/revisions"}],"predecessor-version":[{"id":5393,"href":"https:\/\/avellanuss.com\/index.php?rest_route=\/wp\/v2\/pages\/25\/revisions\/5393"}],"wp:attachment":[{"href":"https:\/\/avellanuss.com\/index.php?rest_route=%2Fwp%2Fv2%2Fmedia&parent=25"}],"curies":[{"name":"wp","href":"https:\/\/api.w.org\/{rel}","templated":true}]}}